47
Let i be -1 - (3/(-2))/((-2)/(-1060)). Suppose -4*r + 702 + i = 0. List the prime factors of r.
2, 11, 17
Let i(y) = y**2 - y + 15. Let m be i(9). Let n = -40 - -61. Let g = m - n. What are the prime factors of g?
2, 3, 11
Let j = -24 + 29. Suppose y - 80 = -4*i + j*y, -2*i - y = -46. Let o = i + 30. List the prime factors of o.
2, 13
Suppose 3*x - 5*v - 20 = -2*x, 0 = -2*x - 3*v - 2. Suppose 4*q + x*m + 2*m = 1936, -1456 = -3*q - m. List the prime factors of q.
2, 3
List the prime factors of 12/10*2398945/597.
2, 2411
Let v = -6831 - -11949. What are the prime factors of v?
2, 3, 853
Let m = 36693 - 21034. What are the prime factors of m?
7, 2237
Let q be 4/2*(-3 + (-246)/4). Let f = -62 - q. What are the prime factors of (f/(-3))/(4/(-72)*3)?
2, 67
Let m = 46 + -44. Suppose -2*x = 4*l - 26, 0 = m*x - 4*x + 10. List the prime factors of (-1)/(2/(-130)) - (7 - l).
2, 31
Suppose 125*s + 752765 - 1140744 = 1883396. List the prime factors of s.
3, 673
Let x = 321 - 317. Let c(s) = 44*s**2 - 10*s + 22. List the prime factors of c(x).
2, 7
Let x(g) = -5 - 91*g - 8 + 85*g + 40 + 30. List the prime factors of x(-12).
3, 43
Let y be 17 - (((-6)/(-1))/6 - 5). Let a = 232 - y. List the prime factors of a.
211
Let s be ((-2240)/(-4))/2 + 0. Let j = s - 104. List the prime factors of j.
2, 11
Suppose -21*p + 123072 = -96441. What are the prime factors of p?
10453
Let v(y) = -239*y**3 - 4*y**2 - 18*y + 12. List the prime factors of v(-4).
2, 7, 547
Let c be (-2)/9 - (8 - 18256/(-63)). Let d = -138 - c. What are the prime factors of d?
2, 5
Let n(y) = -y**2 - 13*y - 23. Let s be n(-11). Let w be 4*(-4)/48*(s - -7). What are the prime factors of 171 - w/(6/9*1)?
2, 3, 29
Suppose 24*o + 61493 + 3172 = 25*o. What are the prime factors of o?
3, 5, 479
Suppose d + 4*s - 21 = 0, s + 3*s - 87 = -3*d. Suppose 28*p + 4805 = d*p. What are the prime factors of p?
31
Let r be -940 - (-6*(-1)/2 - 6). What are the prime factors of 2 + (1 - -2 - r)?
2, 3, 157
Suppose -5*i + 32 = 17. Suppose -87 = -o + 5*h + 52, i*o - 322 = -4*h. What are the prime factors of o?
2, 3, 19
Let l = 24038 + -6211. List the prime factors of l.
17827
Let v(u) = -462*u + 51. What are the prime factors of v(-26)?
3, 4021
Let s be (3/6)/((-3)/(-654)). Let u = -49 + s. What are the prime factors of u?
2, 3, 5
Let j = -36 + 41. Suppose -j*r + 62 = o - 52, 3*r + 215 = 2*o. Let q = 161 - o. What are the prime factors of q?
2, 13
List the prime factors of (-651)/14*(-1164)/6.
3, 31, 97
Let u be ((-119)/(-35))/(2/(-10)). Let o(r) = -10*r + 41. Let s(q) = 9*q - 40. Let w(j) = -6*o(j) - 7*s(j). What are the prime factors of w(u)?
5, 17
Let z(d) = 4*d - d**2 + 4*d - 162 + 162. Let o be z(5). Suppose -2*j + o = -91. What are the prime factors of j?
53
Let j be -1*2 + (0 - -6). Let q = -920 - -920. Suppose q = -3*m + 3*d + 87, j*m - 3*d - 102 = 19. What are the prime factors of m?
2, 17
Let f be (-1)/2*(7644/7)/6. Let b = f - 21. Let d = b - -261. List the prime factors of d.
149
Let f(p) = p**3 - 4*p**2 - 10*p + 25. Let r be f(5). Suppose -3*m + 0*y = -4*y - 170, r = -m + 3*y + 60. List the prime factors of m.
2, 3
Suppose -14*x - 5*x - 114 = 0. What are the prime factors of (441/x)/((-57)/494)?
7, 13
Suppose 76*o + 360640 = 69*o + 47*o. List the prime factors of o.
2, 7, 23
Let c = 65 + -60. Suppose 5*y - c*a + 259 = 879, 20 = -4*a. List the prime factors of y.
7, 17
Suppose -9 = 2*v - 13. Let g(w) = 7*w**2 + 6 + 4*w + 0*w - w**3 - 4*w**2 + w**v. What are the prime factors of g(4)?
2, 11
Let p = -8 + 11. Let q = 90 - -86. Suppose -p*d + q - 32 = 0. List the prime factors of d.
2, 3
Let v = 257 + -1200. Let l = v + 1627. What are the prime factors of l?
2, 3, 19
Suppose -46*h - 305*h + 3620565 = 0. List the prime factors of h.
5, 2063
Suppose -384*z + 385*z = 3. Let x = -2 - -12. Suppose -7*r + z = -x*r, r - 171 = -2*m. What are the prime factors of m?
2, 43
Suppose -27*w + 24*w = 2*x - 29983, x - 4*w = 14997. List the prime factors of x.
11, 29, 47
Let l be 2/1 + (-3)/((-15)/(-10)). Let p be (0 - l)/(-1 + -1). Suppose -4 = -w, p*w - 284 = -3*d + 4*w. What are the prime factors of d?
2, 5
List the prime factors of (80/(-14))/(800736/(-26691) - -30).
2, 5, 31, 41
Let f(b) = 1912*b + 72. Let t be f(4). Suppose -w - 19*w = -t. List the prime factors of w.
2, 193
List the prime factors of 8 + 10 + (192*222 - 9).
3, 1579
Let u(a) = 3*a + 47. Let f be u(-17). Let i = 22 + -19. What are the prime factors of 90/(i*f/(-24) - -1)?
2, 3, 5
Let t be 117/12 + (-3)/4. Let m = 208 - t. What are the prime factors of m?
199
Let a(f) = 2*f - 9. Let p be a(7). Suppose -3*l - 123 = -3*s, -4*s - 51 = -5*s + 3*l. Suppose -6*d = -p*d - s. What are the prime factors of d?
2, 3
Suppose 2*o + 7*x + 51 = 4*x, 5*x + 5 = 0. Let n = 24 + o. Suppose 0 = r - n*r + 3*i - 48, -5*i - 15 = 0. List the prime factors of r.
3, 19
Let v(c) = 31*c**2 - 27*c - 49. What are the prime factors of v(-17)?
3, 347
Suppose -33*x = 55*x - 681734 + 87998. List the prime factors of x.
3, 13, 173
Suppose -468*n - 105019 = -3*h - 463*n, -3*n = 15. List the prime factors of h.
2, 3, 19, 307
Suppose -138*k - 33850 = -143*k. What are the prime factors of k?
2, 5, 677
Let w(c) = 34*c + 384. List the prime factors of w(15).
2, 3, 149
Let d(n) be the third derivative of n**6/120 + n**5/60 - 7*n**4/24 - n**3/3 - 7*n**2. Let t be d(-3). Let h = 172 - t. List the prime factors of h.
3, 19
Suppose -3*n + 10 = 2*o, 20*o - 19*o - 12 = 2*n. Let f(t) = 193*t - 110. What are the prime factors of f(o)?
2, 3, 239
Suppose -2*q + p = -551, 2*q + 2*p = -3*p + 521. Suppose -5*y + q = u + u, 2*y = 6. What are the prime factors of u?
3, 43
Suppose 0 = -2*x - 4*v + 7546, -3*x + 3*v = 5*v - 11335. List the prime factors of x.
19, 199
Let t be -66*((-5)/(-4) + (-4)/16). Let q = -96 - t. Let n = 15 - q. What are the prime factors of n?
3, 5
Suppose -3335 = 35*v - 6*v. Let h = -271 - -471. Let q = h + v. List the prime factors of q.
5, 17
Let s(a) = 34*a**2 - 18*a + 30. Let r be s(-14). Suppose 13*w + 1590 - r = 0. What are the prime factors of w?
2, 103
Let o(s) = 210*s - 12. Let p be o(-4). List the prime factors of (-5183)/(-8) - (p/(-96) + -9).
2, 3
Let w be 5635/5*(5 - 4). List the prime factors of w - ((-136)/102)/((-4)/15).
2, 3, 11, 17
Let p(z) = -23*z**2 - 3*z - 13. Let c(d) = 390*d**2 + 50*d + 220. Let q(n) = 3*c(n) + 50*p(n). Let g be q(3). List the prime factors of g*((-3)/(-2))/3.
5, 19
Let q = 135 + -231. What are the prime factors of 1790/3 + 8/(q/20)?
5, 7, 17
Let d = 45 + 18. Suppose 4*a = -3*a + d. Suppose -279 + 2043 = a*s. What are the prime factors of s?
2, 7
Suppose -2708 - 2982 = -h - 5*n, 2*n + 28342 = 5*h. List the prime factors of h.
2, 3, 5, 7
Suppose 13481 = 2*g - 3269. List the prime factors of g.
5, 67
Let m be (-12)/28 - 177/(-21). Suppose 2*w = -3*a - 14, -a - m + 2 = w. What are the prime factors of (-1 + -2 - -1)/(a/14)?
2, 7
Suppose -3003 = -2*i + 921. Suppose 5*h + 296 = q + 3542, -3*h + i = 3*q. List the prime factors of h.
2, 5, 13
Suppose -45*b + 130*b - 260015 = 0. What are the prime factors of b?
7, 19, 23
Suppose 4*f + 7*o = 5*o + 1480, -3*f - o = -1107. What are the prime factors of f?
367
Let w be (-30)/20*-1*(-2)/3. Let u(t) = -337*t**3 - 2*t**2 - 3*t. List the prime factors of u(w).
2, 13
Let t be -5*((-16)/4 - 48/(-15)). Suppose 3*c - 67 = -f + 4*c, t*c + 79 = f. Suppose f*k = 68*k - 320. What are the prime factors of k?
2
Let y(t) = -1206*t - 2336. List the prime factors of y(-8).
2, 457
Let w = -9137 - -9985. What are the prime factors of w?
2, 53
Suppose -2*k + 6*k + 22 = 2*w, w - k = 13. Suppose w*x - 18*x = 3, 4*c - 5*x = 4365. What are the prime factors of c?
2, 5, 109
Suppose s = 0, -2*o - 31*s + 35*s = -9616. List the prime factors of o.
2, 601
Suppose -f - 11 = 66. Let b be (-4)/10 + f/(-5). Suppose 4*s + z = 6*s - 523, 3*z - b = 0. What are the prime factors of s?
2, 3, 11
Let p(j) = -31*j**2 + 102*j + 7. Let f = -701 - -704. What are the prime factors of p(f)?
2, 17
Let o be ((-18)/(-5) + -3)*(-10)/(-2). Suppose -18 = -2*h - 4*b + 84, -o*h = -2*b - 169. What are the prime factors of h?
5, 11
Let m(t) = -t**3 - 96*t**2 - 145*t + 314. List the prime factors of m(-99).
2, 7, 787
Let i be (3 + 61)/(-8) + 1547. Let s = i - 761. 